{"id":15918,"date":"2023-12-22T09:58:56","date_gmt":"2023-12-22T09:58:56","guid":{"rendered":"https:\/\/www.rapsel.it\/?page_id=15918"},"modified":"2024-03-26T17:59:57","modified_gmt":"2024-03-26T17:59:57","slug":"thomas-sandell-2","status":"publish","type":"page","link":"https:\/\/www.rapsel.it\/en\/thomas-sandell-2\/","title":{"rendered":"Thomas Sandell"},"content":{"rendered":"<div data-elementor-type=\"wp-page\" data-elementor-id=\"15918\" class=\"elementor elementor-15918\">\n\t\t\t\t\t\t<section class=\"elementor-section elementor-top-section elementor-element elementor-element-a9986a1 elementor-section-full_width elementor-section-height-default elementor-section-height-default qodef-elementor-content-no\" data-id=\"a9986a1\" data-element_type=\"section\" data-e-type=\"section\" data-settings=\"{&quot;background_background&quot;:&quot;classic&quot;}\">\n\t\t\t\t\t\t<div class=\"elementor-container elementor-column-gap-default\">\n\t\t\t\t\t<div class=\"elementor-column elementor-col-50 elementor-top-column elementor-element elementor-element-35ff6db\" data-id=\"35ff6db\" data-element_type=\"column\" data-e-type=\"column\">\n\t\t\t<div class=\"elementor-widget-wrap elementor-element-populated\">\n\t\t\t\t\t\t<div class=\"elementor-element elementor-element-c05442a elementor-widget elementor-widget-spacer\" data-id=\"c05442a\" data-element_type=\"widget\" data-e-type=\"widget\" data-widget_type=\"spacer.default\">\n\t\t\t\t<div class=\"elementor-widget-container\">\n\t\t\t\t\t\t\t<div class=\"elementor-spacer\">\n\t\t\t<div class=\"elementor-spacer-inner\"><\/div>\n\t\t<\/div>\n\t\t\t\t\t\t<\/div>\n\t\t\t\t<\/div>\n\t\t\t\t<div class=\"elementor-element elementor-element-c2e6728 elementor-invisible elementor-widget elementor-widget-archicon_core_icon_with_text\" data-id=\"c2e6728\" data-element_type=\"widget\" data-e-type=\"widget\" data-settings=\"{&quot;_animation&quot;:&quot;fadeInLeft&quot;}\" data-widget_type=\"archicon_core_icon_with_text.default\">\n\t\t\t\t<div class=\"elementor-widget-container\">\n\t\t\t\t\t<div class=\"qodef-shortcode qodef-m  qodef-icon-with-text qodef-layout--before-content qodef--icon-pack\">\n\t<div class=\"qodef-m-icon-wrapper\" >\n\t\t<span class=\"qodef-shortcode qodef-m  qodef-icon-holder qodef-size--small qodef-layout--normal\"  >\t\t\t<a itemprop=\"url\" href=\"\/en\/designers\/\" target=\"_self\">\t\t\t<span class=\"qodef-icon-elegant-icons arrow_left qodef-icon qodef-e\" style=\"color: #FFFFFF\" ><\/span>\t\t\t<\/a>\t<\/span>\t<\/div>\n\t<div class=\"qodef-m-content\">\n\t\t\t<h5 class=\"qodef-m-title\" style=\"color: #FFFFFF\">\n\t\t\t\t\t<a itemprop=\"url\" href=\"\/en\/designers\/\" target=\"_self\">\n\t\t\t\t\t<span class=\"qodef-m-title-text\">Designers<\/span>\n\t\t\t\t\t<\/a>\n\t\t\t<\/h5>\n\t\t\t<\/div>\n<\/div>\n\t\t\t\t<\/div>\n\t\t\t\t<\/div>\n\t\t\t\t<div class=\"elementor-element elementor-element-0524d62 elementor-widget elementor-widget-archicon_core_section_title\" data-id=\"0524d62\" data-element_type=\"widget\" data-e-type=\"widget\" data-widget_type=\"archicon_core_section_title.default\">\n\t\t\t\t<div class=\"elementor-widget-container\">\n\t\t\t\t\t<div class=\"qodef-shortcode qodef-m  qodef-section-title qodef-alignment--left\"  >\n\t\t\t<h1 class=\"qodef-m-title\" style=\"color: #FFFFFF\">\n\t<span class=\"qodef-m-title-inner\" style=\"--qodef-st-custom-ls: -0.08em\">\n\t\t\tThomas<br \/> <span class=\"qodef-m-highlight-text\" ><span class=\"qodef--original\">Sandell<\/span><span class=\"qodef--fake\" >Sandell<\/span><\/span>\t\t<\/span>\n\t<\/h1>\n\t\t<\/div>\n\t\t\t\t<\/div>\n\t\t\t\t<\/div>\n\t\t\t\t<div class=\"elementor-element elementor-element-4e89b10 elementor-widget elementor-widget-spacer\" data-id=\"4e89b10\" data-element_type=\"widget\" data-e-type=\"widget\" data-widget_type=\"spacer.default\">\n\t\t\t\t<div class=\"elementor-widget-container\">\n\t\t\t\t\t\t\t<div class=\"elementor-spacer\">\n\t\t\t<div class=\"elementor-spacer-inner\"><\/div>\n\t\t<\/div>\n\t\t\t\t\t\t<\/div>\n\t\t\t\t<\/div>\n\t\t\t\t<div class=\"elementor-element elementor-element-a8be3a7 elementor-widget elementor-widget-archicon_core_icon_with_text\" data-id=\"a8be3a7\" data-element_type=\"widget\" data-e-type=\"widget\" data-widget_type=\"archicon_core_icon_with_text.default\">\n\t\t\t\t<div class=\"elementor-widget-container\">\n\t\t\t\t\t<div class=\"qodef-shortcode qodef-m  qodef-icon-with-text qodef-layout--top qodef--custom-icon  qodef-alignment--left\">\n\t<div class=\"qodef-m-icon-wrapper\">\n\t\t\t\t\t<img decoding=\"async\" width=\"114\" height=\"115\" src=\"https:\/\/www.rapsel.it\/wp-content\/uploads\/2022\/04\/Group-1687.svg\" class=\"attachment-full size-full\" alt=\"d\" \/>\t\t<\/div>\n\t<div class=\"qodef-m-content\">\n\t\t\t\t\t<\/div>\n<\/div>\n\t\t\t\t<\/div>\n\t\t\t\t<\/div>\n\t\t\t\t<div class=\"elementor-element elementor-element-fdd52bf elementor-invisible elementor-widget elementor-widget-text-editor\" data-id=\"fdd52bf\" data-element_type=\"widget\" data-e-type=\"widget\" data-settings=\"{&quot;_animation&quot;:&quot;fadeInUp&quot;}\" data-widget_type=\"text-editor.default\">\n\t\t\t\t<div class=\"elementor-widget-container\">\n\t\t\t\t\t\t\t\t\t<h4 data-sourcepos=\"3:1-3:184\"><span style=\"color: #ffffff;\">Thomas Sandell \u00e8 un designer svedese nato a Stoccolma nel 1959. Si laurea in Design Industriale presso la Konstfack University College of Arts, Crafts and Design di Stoccolma nel 1984.<\/span><\/h4><h4 data-sourcepos=\"5:1-5:162\"><span style=\"color: #ffffff;\">Dopo la laurea, Sandell lavora come designer freelance per diversi anni. Nel 1990, fonda il suo studio di design, Thomas Sandell Design, con sede a Stoccolma.<\/span><\/h4><h4 data-sourcepos=\"7:1-7:300\"><span style=\"color: #ffffff;\">Il lavoro di Sandell \u00e8 caratterizzato da un approccio olistico al design, che combina l&#8217;estetica con la funzionalit\u00e0 e la sostenibilit\u00e0. I suoi progetti sono spesso ispirati alla natura e alla cultura, e si concentrano sulla creazione di oggetti che siano belli, utili e rispettosi dell&#8217;ambiente.<\/span><\/h4><h4 data-sourcepos=\"9:1-9:67\"><span style=\"color: #ffffff;\">Alcuni dei progetti pi\u00f9 importanti di Thomas Sandell includono:<\/span><\/h4><ul data-sourcepos=\"11:1-18:0\"><li data-sourcepos=\"11:1-12:0\"><h4 data-sourcepos=\"11:3-11:45\"><span style=\"color: #ffffff;\">La lampada &#8220;Fjord&#8221; per Fagerhult (1992)<\/span><\/h4><\/li><li data-sourcepos=\"13:1-14:51\"><h4 data-sourcepos=\"13:3-14:51\"><span style=\"color: #ffffff;\">La sedia &#8220;Stack&#8221; per Ikea (2000)<\/span><\/h4><\/li><li data-sourcepos=\"13:1-14:51\"><h4><span style=\"color: #ffffff;\">Il sistema di sedute &#8220;Fjord&#8221; per Skagerak (2010)<\/span><\/h4><\/li><\/ul><h4 data-sourcepos=\"19:1-19:214\"><span style=\"color: #ffffff;\">Sandell ha ricevuto numerosi premi per il suo lavoro, tra cui il Premio Compasso d&#8217;Oro nel 1993 e il Premio Red Dot Design nel 2001. \u00c8 stato anche invitato a partecipare a numerose mostre e convegni internazionali.<\/span><\/h4><h4 data-sourcepos=\"21:1-21:159\"><span style=\"color: #ffffff;\">I suoi progetti sono stati pubblicati su riviste e libri di design di tutto il mondo, e hanno contribuito a definire lo stile del design contemporaneo svedese.<\/span><\/h4><h4 data-sourcepos=\"23:1-23:287\"><span style=\"color: #ffffff;\">Sandell \u00e8 un designer visionario che crede nel potere del design di migliorare la vita delle persone. I suoi progetti sono un esempio di come l&#8217;estetica, la funzionalit\u00e0 e la sostenibilit\u00e0 possano essere combinate per creare oggetti che siano belli, utili e rispettosi dell&#8217;ambiente.<\/span><\/h4><h4 data-sourcepos=\"25:1-25:246\"><span style=\"color: #ffffff;\">In particolare, il lavoro di Sandell si distingue per l&#8217;uso innovativo dei materiali e delle tecnologie. Sandell \u00e8 sempre alla ricerca di nuove soluzioni che possano migliorare l&#8217;estetica, la funzionalit\u00e0 e la sostenibilit\u00e0 dei suoi progetti.<\/span><\/h4><h4 data-sourcepos=\"27:1-27:260\"><span style=\"color: #ffffff;\">Ad esempio, la lampada &#8220;Fjord&#8221; per Fagerhult \u00e8 realizzata in vetro e alluminio, e si caratterizza per un design semplice e raffinato. La sedia &#8220;Stack&#8221; per Ikea, invece, \u00e8 realizzata in legno e plastica, e si caratterizza per un design modulare e versatile.<\/span><\/h4><h4 data-sourcepos=\"29:1-29:209\"><span style=\"color: #ffffff;\">Sandell \u00e8 un designer che \u00e8 sempre alla ricerca di nuovi stimoli e nuove sfide. I suoi progetti sono un&#8217;ispirazione per tutti coloro che credono nel potere del design di rendere il mondo un posto migliore.<\/span><\/h4>\t\t\t\t\t\t\t\t<\/div>\n\t\t\t\t<\/div>\n\t\t\t\t<div class=\"elementor-element elementor-element-c95bea5 elementor-widget elementor-widget-spacer\" data-id=\"c95bea5\" data-element_type=\"widget\" data-e-type=\"widget\" data-widget_type=\"spacer.default\">\n\t\t\t\t<div class=\"elementor-widget-container\">\n\t\t\t\t\t\t\t<div class=\"elementor-spacer\">\n\t\t\t<div class=\"elementor-spacer-inner\"><\/div>\n\t\t<\/div>\n\t\t\t\t\t\t<\/div>\n\t\t\t\t<\/div>\n\t\t\t\t\t<\/div>\n\t\t<\/div>\n\t\t\t\t<div class=\"elementor-column elementor-col-50 elementor-top-column elementor-element elementor-element-b316975 qodef-sticky-column\" data-id=\"b316975\" data-element_type=\"column\" data-e-type=\"column\" data-settings=\"{&quot;background_background&quot;:&quot;classic&quot;}\">\n\t\t\t<div class=\"elementor-widget-wrap elementor-element-populated\">\n\t\t\t\t\t\t<div class=\"elementor-element elementor-element-2e9e9ae elementor-widget elementor-widget-spacer\" data-id=\"2e9e9ae\" data-element_type=\"widget\" data-e-type=\"widget\" data-widget_type=\"spacer.default\">\n\t\t\t\t<div class=\"elementor-widget-container\">\n\t\t\t\t\t\t\t<div class=\"elementor-spacer\">\n\t\t\t<div class=\"elementor-spacer-inner\"><\/div>\n\t\t<\/div>\n\t\t\t\t\t\t<\/div>\n\t\t\t\t<\/div>\n\t\t\t\t\t<\/div>\n\t\t<\/div>\n\t\t\t\t\t<\/div>\n\t\t<\/section>\n\t\t\t\t<\/div>","protected":false},"excerpt":{"rendered":"<p>Designers Thomas SandellSandell Thomas Sandell \u00e8 un designer svedese nato a Stoccolma nel 1959. Si laurea in Design Industriale presso la Konstfack University College of Arts, Crafts and Design di Stoccolma nel 1984. Dopo la laurea, Sandell lavora come designer freelance per diversi anni. Nel 1990, fonda il suo studio di design, Thomas Sandell Design, [&hellip;]<\/p>\n","protected":false},"author":1,"featured_media":0,"parent":0,"menu_order":0,"comment_status":"closed","ping_status":"closed","template":"page-full-width.php","meta":{"_coblocks_attr":"","_coblocks_dimensions":"","_coblocks_responsive_height":"","_coblocks_accordion_ie_support":"","om_disable_all_campaigns":false,"_monsterinsights_skip_tracking":false,"_monsterinsights_sitenote_active":false,"_monsterinsights_sitenote_note":"","_monsterinsights_sitenote_category":0,"footnotes":""},"class_list":["post-15918","page","type-page","status-publish","hentry"],"aioseo_notices":[],"_links":{"self":[{"href":"https:\/\/www.rapsel.it\/en\/wp-json\/wp\/v2\/pages\/15918","targetHints":{"allow":["GET"]}}],"collection":[{"href":"https:\/\/www.rapsel.it\/en\/wp-json\/wp\/v2\/pages"}],"about":[{"href":"https:\/\/www.rapsel.it\/en\/wp-json\/wp\/v2\/types\/page"}],"author":[{"embeddable":true,"href":"https:\/\/www.rapsel.it\/en\/wp-json\/wp\/v2\/users\/1"}],"replies":[{"embeddable":true,"href":"https:\/\/www.rapsel.it\/en\/wp-json\/wp\/v2\/comments?post=15918"}],"version-history":[{"count":10,"href":"https:\/\/www.rapsel.it\/en\/wp-json\/wp\/v2\/pages\/15918\/revisions"}],"predecessor-version":[{"id":16075,"href":"https:\/\/www.rapsel.it\/en\/wp-json\/wp\/v2\/pages\/15918\/revisions\/16075"}],"wp:attachment":[{"href":"https:\/\/www.rapsel.it\/en\/wp-json\/wp\/v2\/media?parent=15918"}],"curies":[{"name":"wp","href":"https:\/\/api.w.org\/{rel}","templated":true}]}}

<div data-elementor-type="wp-page" data-elementor-id="15918" class="elementor elementor-15918">
						<section class="elementor-section elementor-top-section elementor-element elementor-element-a9986a1 elementor-section-full_width elementor-section-height-default elementor-section-height-default qodef-elementor-content-no" data-id="a9986a1" data-element_type="section" data-e-type="section" data-settings="{&quot;background_background&quot;:&quot;classic&quot;}">
						<div class="elementor-container elementor-column-gap-default">
					<div class="elementor-column elementor-col-50 elementor-top-column elementor-element elementor-element-35ff6db" data-id="35ff6db" data-element_type="column" data-e-type="column">
			<div class="elementor-widget-wrap elementor-element-populated">
						<div class="elementor-element elementor-element-c05442a elementor-widget elementor-widget-spacer" data-id="c05442a" data-element_type="widget" data-e-type="widget" data-widget_type="spacer.default">
				<div class="elementor-widget-container">
							<div class="elementor-spacer">
			<div class="elementor-spacer-inner"></div>
		</div>
						</div>
				</div>
				<div class="elementor-element elementor-element-c2e6728 elementor-invisible elementor-widget elementor-widget-archicon_core_icon_with_text" data-id="c2e6728" data-element_type="widget" data-e-type="widget" data-settings="{&quot;_animation&quot;:&quot;fadeInLeft&quot;}" data-widget_type="archicon_core_icon_with_text.default">
				<div class="elementor-widget-container">
					<div class="qodef-shortcode qodef-m  qodef-icon-with-text qodef-layout--before-content qodef--icon-pack">
	<div class="qodef-m-icon-wrapper" >
		<span class="qodef-shortcode qodef-m  qodef-icon-holder qodef-size--small qodef-layout--normal"  >			<a itemprop="url" href="/en/designers/" target="_self">			<span class="qodef-icon-elegant-icons arrow_left qodef-icon qodef-e" style="color: #FFFFFF" ></span>			</a>	</span>	</div>
	<div class="qodef-m-content">
			<h5 class="qodef-m-title" style="color: #FFFFFF">
					<a itemprop="url" href="/en/designers/" target="_self">
					<span class="qodef-m-title-text">Designers</span>
					</a>
			</h5>
			</div>
</div>
				</div>
				</div>
				<div class="elementor-element elementor-element-0524d62 elementor-widget elementor-widget-archicon_core_section_title" data-id="0524d62" data-element_type="widget" data-e-type="widget" data-widget_type="archicon_core_section_title.default">
				<div class="elementor-widget-container">
					<div class="qodef-shortcode qodef-m  qodef-section-title qodef-alignment--left"  >
			<h1 class="qodef-m-title" style="color: #FFFFFF">
	<span class="qodef-m-title-inner" style="--qodef-st-custom-ls: -0.08em">
			Thomas<br /> <span class="qodef-m-highlight-text" ><span class="qodef--original">Sandell</span><span class="qodef--fake" >Sandell</span></span>		</span>
	</h1>
		</div>
				</div>
				</div>
				<div class="elementor-element elementor-element-4e89b10 elementor-widget elementor-widget-spacer" data-id="4e89b10" data-element_type="widget" data-e-type="widget" data-widget_type="spacer.default">
				<div class="elementor-widget-container">
							<div class="elementor-spacer">
			<div class="elementor-spacer-inner"></div>
		</div>
						</div>
				</div>
				<div class="elementor-element elementor-element-a8be3a7 elementor-widget elementor-widget-archicon_core_icon_with_text" data-id="a8be3a7" data-element_type="widget" data-e-type="widget" data-widget_type="archicon_core_icon_with_text.default">
				<div class="elementor-widget-container">
					<div class="qodef-shortcode qodef-m  qodef-icon-with-text qodef-layout--top qodef--custom-icon  qodef-alignment--left">
	<div class="qodef-m-icon-wrapper">
					<img decoding="async" width="114" height="115" src="https://www.rapsel.it/wp-content/uploads/2022/04/Group-1687.svg" class="attachment-full size-full" alt="d" />		</div>
	<div class="qodef-m-content">
					</div>
</div>
				</div>
				</div>
				<div class="elementor-element elementor-element-fdd52bf elementor-invisible elementor-widget elementor-widget-text-editor" data-id="fdd52bf" data-element_type="widget" data-e-type="widget" data-settings="{&quot;_animation&quot;:&quot;fadeInUp&quot;}" data-widget_type="text-editor.default">
				<div class="elementor-widget-container">
									<h4 data-sourcepos="3:1-3:184"><span style="color: #ffffff;">Thomas Sandell è un designer svedese nato a Stoccolma nel 1959. Si laurea in Design Industriale presso la Konstfack University College of Arts, Crafts and Design di Stoccolma nel 1984.</span></h4><h4 data-sourcepos="5:1-5:162"><span style="color: #ffffff;">Dopo la laurea, Sandell lavora come designer freelance per diversi anni. Nel 1990, fonda il suo studio di design, Thomas Sandell Design, con sede a Stoccolma.</span></h4><h4 data-sourcepos="7:1-7:300"><span style="color: #ffffff;">Il lavoro di Sandell è caratterizzato da un approccio olistico al design, che combina l&#8217;estetica con la funzionalità e la sostenibilità. I suoi progetti sono spesso ispirati alla natura e alla cultura, e si concentrano sulla creazione di oggetti che siano belli, utili e rispettosi dell&#8217;ambiente.</span></h4><h4 data-sourcepos="9:1-9:67"><span style="color: #ffffff;">Alcuni dei progetti più importanti di Thomas Sandell includono:</span></h4><ul data-sourcepos="11:1-18:0"><li data-sourcepos="11:1-12:0"><h4 data-sourcepos="11:3-11:45"><span style="color: #ffffff;">La lampada &#8220;Fjord&#8221; per Fagerhult (1992)</span></h4></li><li data-sourcepos="13:1-14:51"><h4 data-sourcepos="13:3-14:51"><span style="color: #ffffff;">La sedia &#8220;Stack&#8221; per Ikea (2000)</span></h4></li><li data-sourcepos="13:1-14:51"><h4><span style="color: #ffffff;">Il sistema di sedute &#8220;Fjord&#8221; per Skagerak (2010)</span></h4></li></ul><h4 data-sourcepos="19:1-19:214"><span style="color: #ffffff;">Sandell ha ricevuto numerosi premi per il suo lavoro, tra cui il Premio Compasso d&#8217;Oro nel 1993 e il Premio Red Dot Design nel 2001. È stato anche invitato a partecipare a numerose mostre e convegni internazionali.</span></h4><h4 data-sourcepos="21:1-21:159"><span style="color: #ffffff;">I suoi progetti sono stati pubblicati su riviste e libri di design di tutto il mondo, e hanno contribuito a definire lo stile del design contemporaneo svedese.</span></h4><h4 data-sourcepos="23:1-23:287"><span style="color: #ffffff;">Sandell è un designer visionario che crede nel potere del design di migliorare la vita delle persone. I suoi progetti sono un esempio di come l&#8217;estetica, la funzionalità e la sostenibilità possano essere combinate per creare oggetti che siano belli, utili e rispettosi dell&#8217;ambiente.</span></h4><h4 data-sourcepos="25:1-25:246"><span style="color: #ffffff;">In particolare, il lavoro di Sandell si distingue per l&#8217;uso innovativo dei materiali e delle tecnologie. Sandell è sempre alla ricerca di nuove soluzioni che possano migliorare l&#8217;estetica, la funzionalità e la sostenibilità dei suoi progetti.</span></h4><h4 data-sourcepos="27:1-27:260"><span style="color: #ffffff;">Ad esempio, la lampada &#8220;Fjord&#8221; per Fagerhult è realizzata in vetro e alluminio, e si caratterizza per un design semplice e raffinato. La sedia &#8220;Stack&#8221; per Ikea, invece, è realizzata in legno e plastica, e si caratterizza per un design modulare e versatile.</span></h4><h4 data-sourcepos="29:1-29:209"><span style="color: #ffffff;">Sandell è un designer che è sempre alla ricerca di nuovi stimoli e nuove sfide. I suoi progetti sono un&#8217;ispirazione per tutti coloro che credono nel potere del design di rendere il mondo un posto migliore.</span></h4>								</div>
				</div>
				<div class="elementor-element elementor-element-c95bea5 elementor-widget elementor-widget-spacer" data-id="c95bea5" data-element_type="widget" data-e-type="widget" data-widget_type="spacer.default">
				<div class="elementor-widget-container">
							<div class="elementor-spacer">
			<div class="elementor-spacer-inner"></div>
		</div>
						</div>
				</div>
					</div>
		</div>
				<div class="elementor-column elementor-col-50 elementor-top-column elementor-element elementor-element-b316975 qodef-sticky-column" data-id="b316975" data-element_type="column" data-e-type="column" data-settings="{&quot;background_background&quot;:&quot;classic&quot;}">
			<div class="elementor-widget-wrap elementor-element-populated">
						<div class="elementor-element elementor-element-2e9e9ae elementor-widget elementor-widget-spacer" data-id="2e9e9ae" data-element_type="widget" data-e-type="widget" data-widget_type="spacer.default">
				<div class="elementor-widget-container">
							<div class="elementor-spacer">
			<div class="elementor-spacer-inner"></div>
		</div>
						</div>
				</div>
					</div>
		</div>
					</div>
		</section>
				</div>

<p>Designers Thomas SandellSandell Thomas Sandell è un designer svedese nato a Stoccolma nel 1959. Si laurea in Design Industriale presso la Konstfack University College of Arts, Crafts and Design di Stoccolma nel 1984. Dopo la laurea, Sandell lavora come designer freelance per diversi anni. Nel 1990, fonda il suo studio di design, Thomas Sandell Design, [&hellip;]</p>
