{"id":15902,"date":"2023-12-21T10:57:16","date_gmt":"2023-12-21T10:57:16","guid":{"rendered":"https:\/\/www.rapsel.it\/?page_id=15902"},"modified":"2024-03-26T17:55:58","modified_gmt":"2024-03-26T17:55:58","slug":"marco-merendi-2","status":"publish","type":"page","link":"https:\/\/www.rapsel.it\/en\/marco-merendi-2\/","title":{"rendered":"Marco Merendi"},"content":{"rendered":"<div data-elementor-type=\"wp-page\" data-elementor-id=\"15902\" class=\"elementor elementor-15902\">\n\t\t\t\t\t\t<section class=\"elementor-section elementor-top-section elementor-element elementor-element-a9986a1 elementor-section-full_width elementor-section-height-default elementor-section-height-default qodef-elementor-content-no\" data-id=\"a9986a1\" data-element_type=\"section\" data-e-type=\"section\" data-settings=\"{&quot;background_background&quot;:&quot;classic&quot;}\">\n\t\t\t\t\t\t<div class=\"elementor-container elementor-column-gap-default\">\n\t\t\t\t\t<div class=\"elementor-column elementor-col-50 elementor-top-column elementor-element elementor-element-35ff6db\" data-id=\"35ff6db\" data-element_type=\"column\" data-e-type=\"column\">\n\t\t\t<div class=\"elementor-widget-wrap elementor-element-populated\">\n\t\t\t\t\t\t<div class=\"elementor-element elementor-element-c05442a elementor-widget elementor-widget-spacer\" data-id=\"c05442a\" data-element_type=\"widget\" data-e-type=\"widget\" data-widget_type=\"spacer.default\">\n\t\t\t\t<div class=\"elementor-widget-container\">\n\t\t\t\t\t\t\t<div class=\"elementor-spacer\">\n\t\t\t<div class=\"elementor-spacer-inner\"><\/div>\n\t\t<\/div>\n\t\t\t\t\t\t<\/div>\n\t\t\t\t<\/div>\n\t\t\t\t<div class=\"elementor-element elementor-element-c2e6728 elementor-invisible elementor-widget elementor-widget-archicon_core_icon_with_text\" data-id=\"c2e6728\" data-element_type=\"widget\" data-e-type=\"widget\" data-settings=\"{&quot;_animation&quot;:&quot;fadeInLeft&quot;}\" data-widget_type=\"archicon_core_icon_with_text.default\">\n\t\t\t\t<div class=\"elementor-widget-container\">\n\t\t\t\t\t<div class=\"qodef-shortcode qodef-m  qodef-icon-with-text qodef-layout--before-content qodef--icon-pack\">\n\t<div class=\"qodef-m-icon-wrapper\" >\n\t\t<span class=\"qodef-shortcode qodef-m  qodef-icon-holder qodef-size--small qodef-layout--normal\"  >\t\t\t<a itemprop=\"url\" href=\"\/en\/designers\/\" target=\"_self\">\t\t\t<span class=\"qodef-icon-elegant-icons arrow_left qodef-icon qodef-e\" style=\"color: #FFFFFF\" ><\/span>\t\t\t<\/a>\t<\/span>\t<\/div>\n\t<div class=\"qodef-m-content\">\n\t\t\t<h5 class=\"qodef-m-title\" style=\"color: #FFFFFF\">\n\t\t\t\t\t<a itemprop=\"url\" href=\"\/en\/designers\/\" target=\"_self\">\n\t\t\t\t\t<span class=\"qodef-m-title-text\">Designers<\/span>\n\t\t\t\t\t<\/a>\n\t\t\t<\/h5>\n\t\t\t<\/div>\n<\/div>\n\t\t\t\t<\/div>\n\t\t\t\t<\/div>\n\t\t\t\t<div class=\"elementor-element elementor-element-0524d62 elementor-widget elementor-widget-archicon_core_section_title\" data-id=\"0524d62\" data-element_type=\"widget\" data-e-type=\"widget\" data-widget_type=\"archicon_core_section_title.default\">\n\t\t\t\t<div class=\"elementor-widget-container\">\n\t\t\t\t\t<div class=\"qodef-shortcode qodef-m  qodef-section-title qodef-alignment--left\"  >\n\t\t\t<h1 class=\"qodef-m-title\" style=\"color: #FFFFFF\">\n\t<span class=\"qodef-m-title-inner\" style=\"--qodef-st-custom-ls: -0.08em\">\n\t\t\tMarco<br \/> <span class=\"qodef-m-highlight-text\" ><span class=\"qodef--original\">Merendi<\/span><span class=\"qodef--fake\" >Merendi<\/span><\/span>\t\t<\/span>\n\t<\/h1>\n\t\t<\/div>\n\t\t\t\t<\/div>\n\t\t\t\t<\/div>\n\t\t\t\t<div class=\"elementor-element elementor-element-4e89b10 elementor-widget elementor-widget-spacer\" data-id=\"4e89b10\" data-element_type=\"widget\" data-e-type=\"widget\" data-widget_type=\"spacer.default\">\n\t\t\t\t<div class=\"elementor-widget-container\">\n\t\t\t\t\t\t\t<div class=\"elementor-spacer\">\n\t\t\t<div class=\"elementor-spacer-inner\"><\/div>\n\t\t<\/div>\n\t\t\t\t\t\t<\/div>\n\t\t\t\t<\/div>\n\t\t\t\t<div class=\"elementor-element elementor-element-a8be3a7 elementor-widget elementor-widget-archicon_core_icon_with_text\" data-id=\"a8be3a7\" data-element_type=\"widget\" data-e-type=\"widget\" data-widget_type=\"archicon_core_icon_with_text.default\">\n\t\t\t\t<div class=\"elementor-widget-container\">\n\t\t\t\t\t<div class=\"qodef-shortcode qodef-m  qodef-icon-with-text qodef-layout--top qodef--custom-icon  qodef-alignment--left\">\n\t<div class=\"qodef-m-icon-wrapper\">\n\t\t\t\t\t<img decoding=\"async\" width=\"114\" height=\"115\" src=\"https:\/\/www.rapsel.it\/wp-content\/uploads\/2022\/04\/Group-1687.svg\" class=\"attachment-full size-full\" alt=\"d\" \/>\t\t<\/div>\n\t<div class=\"qodef-m-content\">\n\t\t\t\t\t<\/div>\n<\/div>\n\t\t\t\t<\/div>\n\t\t\t\t<\/div>\n\t\t\t\t<div class=\"elementor-element elementor-element-fdd52bf elementor-invisible elementor-widget elementor-widget-text-editor\" data-id=\"fdd52bf\" data-element_type=\"widget\" data-e-type=\"widget\" data-settings=\"{&quot;_animation&quot;:&quot;fadeInUp&quot;}\" data-widget_type=\"text-editor.default\">\n\t\t\t\t<div class=\"elementor-widget-container\">\n\t\t\t\t\t\t\t\t\t<h4 data-sourcepos=\"3:1-3:227\"><span style=\"color: #ffffff;\">Marco Merendi \u00e8 un architetto italiano nato a Faenza nel 1968. Si laurea in Architettura presso la facolt\u00e0 di Architettura di Firenze nel 1996 con una tesi in disegno industriale in collaborazione con il team Minardi Formula 1.<\/span><\/h4><h4 data-sourcepos=\"5:1-5:235\"><span style=\"color: #ffffff;\"><strong>Dopo la laurea, Merendi lavora <span class=\"citation-1 citation-end-1\">per un periodo ad Amsterdam dove collabora con lo studio LITE: daglicht \/ kunstlicht adviezen occupandosi della realizzazione di oggetti luminosi e della progettazione illuminotecnica di grandi<\/span> spazi.<\/strong><\/span><\/h4><h4 data-sourcepos=\"7:1-7:210\"><span style=\"color: #ffffff;\">Nel 1999, Merendi si trasferisce a Milano, dove inizia a lavorare come libero professionista. La sua attivit\u00e0 si concentra su una vasta gamma di progetti, tra cui architettura, design di interni e allestimenti.<\/span><\/h4><h4 data-sourcepos=\"9:1-9:272\"><span style=\"color: #ffffff;\"><strong>Il lavoro di Merendi \u00e8 caratterizzato da un approccio interdisciplinare che combina l&#8217;architettura, il design e l&#8217;arte.<\/strong> I suoi progetti sono spesso ispirati alla natura e alla cultura, e si concentrano sulla creazione di ambienti che siano belli, utili e coinvolgenti.<\/span><\/h4><h4 data-sourcepos=\"11:1-11:66\"><span style=\"color: #ffffff;\"><strong>Alcuni dei progetti pi\u00f9 importanti di Marco Merendi includono:<\/strong><\/span><\/h4><ul data-sourcepos=\"13:1-19:0\"><li data-sourcepos=\"13:1-14:0\"><h4 data-sourcepos=\"13:3-13:45\"><span style=\"color: #ffffff;\"><strong>La casa TerraMia a Noto, Sicilia<\/strong> (2015)<\/span><\/h4><\/li><li data-sourcepos=\"15:1-16:0\"><h4 data-sourcepos=\"15:3-15:90\"><span style=\"color: #ffffff;\"><strong>L&#8217;allestimento della mostra &#8220;Maggiore&#8221; al Museo del Design Italiano di Milano<\/strong> (2018)<\/span><\/h4><\/li><li data-sourcepos=\"17:1-19:0\"><h4 data-sourcepos=\"17:3-17:55\"><span style=\"color: #ffffff;\"><strong>La collezione di arredi &#8220;Libera&#8221; per Elmar<\/strong> (2022)<\/span><\/h4><\/li><\/ul><h4 data-sourcepos=\"20:1-20:182\"><span style=\"color: #ffffff;\"><strong>Merendi ha ricevuto numerosi premi per il suo lavoro, tra cui il Premio Compasso d&#8217;Oro nel 2021.<\/strong> \u00c8 stato anche invitato a partecipare a numerose mostre e convegni internazionali.<\/span><\/h4><h4 data-sourcepos=\"22:1-22:190\"><span style=\"color: #ffffff;\"><strong>I suoi progetti sono stati pubblicati su riviste e libri di architettura di tutto il mondo, e hanno contribuito a definire lo stile dell&#8217;architettura e del design contemporaneo italiano.<\/strong><\/span><\/h4><h4 data-sourcepos=\"24:1-24:246\"><span style=\"color: #ffffff;\"><strong>In particolare, il lavoro di Merendi si distingue per l&#8217;uso innovativo dei materiali e delle tecnologie.<\/strong> Merendi \u00e8 sempre alla ricerca di nuove soluzioni che possano migliorare l&#8217;estetica, la funzionalit\u00e0 e la sostenibilit\u00e0 dei suoi progetti.<\/span><\/h4><h4 data-sourcepos=\"26:1-26:341\"><span style=\"color: #ffffff;\"><strong>Ad esempio, la casa TerraMia a Noto, Sicilia, \u00e8 realizzata in pietra lavica e pietra di Noto, e si caratterizza per un design armonioso e sostenibile.<\/strong> L&#8217;allestimento della mostra &#8220;Maggiore&#8221; al Museo del Design Italiano di Milano, invece, si basa sull&#8217;utilizzo di tecnologie multimediali per creare un&#8217;esperienza immersiva e coinvolgente.<\/span><\/h4><h4 data-sourcepos=\"28:1-28:321\"><span style=\"color: #ffffff;\"><strong>Merendi \u00e8 un architetto e designer visionario che crede nel potere dell&#8217;architettura e del design di migliorare la vita delle persone.<\/strong> I suoi progetti sono un esempio di come l&#8217;estetica, la funzionalit\u00e0 e la sostenibilit\u00e0 possano essere combinate per creare ambienti che siano belli, utili e rispettosi dell&#8217;ambiente.<\/span><\/h4>\t\t\t\t\t\t\t\t<\/div>\n\t\t\t\t<\/div>\n\t\t\t\t<div class=\"elementor-element elementor-element-c95bea5 elementor-widget elementor-widget-spacer\" data-id=\"c95bea5\" data-element_type=\"widget\" data-e-type=\"widget\" data-widget_type=\"spacer.default\">\n\t\t\t\t<div class=\"elementor-widget-container\">\n\t\t\t\t\t\t\t<div class=\"elementor-spacer\">\n\t\t\t<div class=\"elementor-spacer-inner\"><\/div>\n\t\t<\/div>\n\t\t\t\t\t\t<\/div>\n\t\t\t\t<\/div>\n\t\t\t\t\t<\/div>\n\t\t<\/div>\n\t\t\t\t<div class=\"elementor-column elementor-col-50 elementor-top-column elementor-element elementor-element-b316975 qodef-sticky-column\" data-id=\"b316975\" data-element_type=\"column\" data-e-type=\"column\" data-settings=\"{&quot;background_background&quot;:&quot;classic&quot;}\">\n\t\t\t<div class=\"elementor-widget-wrap elementor-element-populated\">\n\t\t\t\t\t\t<div class=\"elementor-element elementor-element-2e9e9ae elementor-widget elementor-widget-spacer\" data-id=\"2e9e9ae\" data-element_type=\"widget\" data-e-type=\"widget\" data-widget_type=\"spacer.default\">\n\t\t\t\t<div class=\"elementor-widget-container\">\n\t\t\t\t\t\t\t<div class=\"elementor-spacer\">\n\t\t\t<div class=\"elementor-spacer-inner\"><\/div>\n\t\t<\/div>\n\t\t\t\t\t\t<\/div>\n\t\t\t\t<\/div>\n\t\t\t\t\t<\/div>\n\t\t<\/div>\n\t\t\t\t\t<\/div>\n\t\t<\/section>\n\t\t\t\t<\/div>","protected":false},"excerpt":{"rendered":"<p>Designers Marco MerendiMerendi Marco Merendi \u00e8 un architetto italiano nato a Faenza nel 1968. Si laurea in Architettura presso la facolt\u00e0 di Architettura di Firenze nel 1996 con una tesi in disegno industriale in collaborazione con il team Minardi Formula 1. Dopo la laurea, Merendi lavora per un periodo ad Amsterdam dove collabora con lo [&hellip;]<\/p>\n","protected":false},"author":1,"featured_media":0,"parent":0,"menu_order":0,"comment_status":"closed","ping_status":"closed","template":"page-full-width.php","meta":{"_coblocks_attr":"","_coblocks_dimensions":"","_coblocks_responsive_height":"","_coblocks_accordion_ie_support":"","om_disable_all_campaigns":false,"_monsterinsights_skip_tracking":false,"_monsterinsights_sitenote_active":false,"_monsterinsights_sitenote_note":"","_monsterinsights_sitenote_category":0,"footnotes":""},"class_list":["post-15902","page","type-page","status-publish","hentry"],"aioseo_notices":[],"_links":{"self":[{"href":"https:\/\/www.rapsel.it\/en\/wp-json\/wp\/v2\/pages\/15902","targetHints":{"allow":["GET"]}}],"collection":[{"href":"https:\/\/www.rapsel.it\/en\/wp-json\/wp\/v2\/pages"}],"about":[{"href":"https:\/\/www.rapsel.it\/en\/wp-json\/wp\/v2\/types\/page"}],"author":[{"embeddable":true,"href":"https:\/\/www.rapsel.it\/en\/wp-json\/wp\/v2\/users\/1"}],"replies":[{"embeddable":true,"href":"https:\/\/www.rapsel.it\/en\/wp-json\/wp\/v2\/comments?post=15902"}],"version-history":[{"count":10,"href":"https:\/\/www.rapsel.it\/en\/wp-json\/wp\/v2\/pages\/15902\/revisions"}],"predecessor-version":[{"id":16035,"href":"https:\/\/www.rapsel.it\/en\/wp-json\/wp\/v2\/pages\/15902\/revisions\/16035"}],"wp:attachment":[{"href":"https:\/\/www.rapsel.it\/en\/wp-json\/wp\/v2\/media?parent=15902"}],"curies":[{"name":"wp","href":"https:\/\/api.w.org\/{rel}","templated":true}]}}

<div data-elementor-type="wp-page" data-elementor-id="15902" class="elementor elementor-15902">
						<section class="elementor-section elementor-top-section elementor-element elementor-element-a9986a1 elementor-section-full_width elementor-section-height-default elementor-section-height-default qodef-elementor-content-no" data-id="a9986a1" data-element_type="section" data-e-type="section" data-settings="{&quot;background_background&quot;:&quot;classic&quot;}">
						<div class="elementor-container elementor-column-gap-default">
					<div class="elementor-column elementor-col-50 elementor-top-column elementor-element elementor-element-35ff6db" data-id="35ff6db" data-element_type="column" data-e-type="column">
			<div class="elementor-widget-wrap elementor-element-populated">
						<div class="elementor-element elementor-element-c05442a elementor-widget elementor-widget-spacer" data-id="c05442a" data-element_type="widget" data-e-type="widget" data-widget_type="spacer.default">
				<div class="elementor-widget-container">
							<div class="elementor-spacer">
			<div class="elementor-spacer-inner"></div>
		</div>
						</div>
				</div>
				<div class="elementor-element elementor-element-c2e6728 elementor-invisible elementor-widget elementor-widget-archicon_core_icon_with_text" data-id="c2e6728" data-element_type="widget" data-e-type="widget" data-settings="{&quot;_animation&quot;:&quot;fadeInLeft&quot;}" data-widget_type="archicon_core_icon_with_text.default">
				<div class="elementor-widget-container">
					<div class="qodef-shortcode qodef-m  qodef-icon-with-text qodef-layout--before-content qodef--icon-pack">
	<div class="qodef-m-icon-wrapper" >
		<span class="qodef-shortcode qodef-m  qodef-icon-holder qodef-size--small qodef-layout--normal"  >			<a itemprop="url" href="/en/designers/" target="_self">			<span class="qodef-icon-elegant-icons arrow_left qodef-icon qodef-e" style="color: #FFFFFF" ></span>			</a>	</span>	</div>
	<div class="qodef-m-content">
			<h5 class="qodef-m-title" style="color: #FFFFFF">
					<a itemprop="url" href="/en/designers/" target="_self">
					<span class="qodef-m-title-text">Designers</span>
					</a>
			</h5>
			</div>
</div>
				</div>
				</div>
				<div class="elementor-element elementor-element-0524d62 elementor-widget elementor-widget-archicon_core_section_title" data-id="0524d62" data-element_type="widget" data-e-type="widget" data-widget_type="archicon_core_section_title.default">
				<div class="elementor-widget-container">
					<div class="qodef-shortcode qodef-m  qodef-section-title qodef-alignment--left"  >
			<h1 class="qodef-m-title" style="color: #FFFFFF">
	<span class="qodef-m-title-inner" style="--qodef-st-custom-ls: -0.08em">
			Marco<br /> <span class="qodef-m-highlight-text" ><span class="qodef--original">Merendi</span><span class="qodef--fake" >Merendi</span></span>		</span>
	</h1>
		</div>
				</div>
				</div>
				<div class="elementor-element elementor-element-4e89b10 elementor-widget elementor-widget-spacer" data-id="4e89b10" data-element_type="widget" data-e-type="widget" data-widget_type="spacer.default">
				<div class="elementor-widget-container">
							<div class="elementor-spacer">
			<div class="elementor-spacer-inner"></div>
		</div>
						</div>
				</div>
				<div class="elementor-element elementor-element-a8be3a7 elementor-widget elementor-widget-archicon_core_icon_with_text" data-id="a8be3a7" data-element_type="widget" data-e-type="widget" data-widget_type="archicon_core_icon_with_text.default">
				<div class="elementor-widget-container">
					<div class="qodef-shortcode qodef-m  qodef-icon-with-text qodef-layout--top qodef--custom-icon  qodef-alignment--left">
	<div class="qodef-m-icon-wrapper">
					<img decoding="async" width="114" height="115" src="https://www.rapsel.it/wp-content/uploads/2022/04/Group-1687.svg" class="attachment-full size-full" alt="d" />		</div>
	<div class="qodef-m-content">
					</div>
</div>
				</div>
				</div>
				<div class="elementor-element elementor-element-fdd52bf elementor-invisible elementor-widget elementor-widget-text-editor" data-id="fdd52bf" data-element_type="widget" data-e-type="widget" data-settings="{&quot;_animation&quot;:&quot;fadeInUp&quot;}" data-widget_type="text-editor.default">
				<div class="elementor-widget-container">
									<h4 data-sourcepos="3:1-3:227"><span style="color: #ffffff;">Marco Merendi è un architetto italiano nato a Faenza nel 1968. Si laurea in Architettura presso la facoltà di Architettura di Firenze nel 1996 con una tesi in disegno industriale in collaborazione con il team Minardi Formula 1.</span></h4><h4 data-sourcepos="5:1-5:235"><span style="color: #ffffff;"><strong>Dopo la laurea, Merendi lavora <span class="citation-1 citation-end-1">per un periodo ad Amsterdam dove collabora con lo studio LITE: daglicht / kunstlicht adviezen occupandosi della realizzazione di oggetti luminosi e della progettazione illuminotecnica di grandi</span> spazi.</strong></span></h4><h4 data-sourcepos="7:1-7:210"><span style="color: #ffffff;">Nel 1999, Merendi si trasferisce a Milano, dove inizia a lavorare come libero professionista. La sua attività si concentra su una vasta gamma di progetti, tra cui architettura, design di interni e allestimenti.</span></h4><h4 data-sourcepos="9:1-9:272"><span style="color: #ffffff;"><strong>Il lavoro di Merendi è caratterizzato da un approccio interdisciplinare che combina l&#8217;architettura, il design e l&#8217;arte.</strong> I suoi progetti sono spesso ispirati alla natura e alla cultura, e si concentrano sulla creazione di ambienti che siano belli, utili e coinvolgenti.</span></h4><h4 data-sourcepos="11:1-11:66"><span style="color: #ffffff;"><strong>Alcuni dei progetti più importanti di Marco Merendi includono:</strong></span></h4><ul data-sourcepos="13:1-19:0"><li data-sourcepos="13:1-14:0"><h4 data-sourcepos="13:3-13:45"><span style="color: #ffffff;"><strong>La casa TerraMia a Noto, Sicilia</strong> (2015)</span></h4></li><li data-sourcepos="15:1-16:0"><h4 data-sourcepos="15:3-15:90"><span style="color: #ffffff;"><strong>L&#8217;allestimento della mostra &#8220;Maggiore&#8221; al Museo del Design Italiano di Milano</strong> (2018)</span></h4></li><li data-sourcepos="17:1-19:0"><h4 data-sourcepos="17:3-17:55"><span style="color: #ffffff;"><strong>La collezione di arredi &#8220;Libera&#8221; per Elmar</strong> (2022)</span></h4></li></ul><h4 data-sourcepos="20:1-20:182"><span style="color: #ffffff;"><strong>Merendi ha ricevuto numerosi premi per il suo lavoro, tra cui il Premio Compasso d&#8217;Oro nel 2021.</strong> È stato anche invitato a partecipare a numerose mostre e convegni internazionali.</span></h4><h4 data-sourcepos="22:1-22:190"><span style="color: #ffffff;"><strong>I suoi progetti sono stati pubblicati su riviste e libri di architettura di tutto il mondo, e hanno contribuito a definire lo stile dell&#8217;architettura e del design contemporaneo italiano.</strong></span></h4><h4 data-sourcepos="24:1-24:246"><span style="color: #ffffff;"><strong>In particolare, il lavoro di Merendi si distingue per l&#8217;uso innovativo dei materiali e delle tecnologie.</strong> Merendi è sempre alla ricerca di nuove soluzioni che possano migliorare l&#8217;estetica, la funzionalità e la sostenibilità dei suoi progetti.</span></h4><h4 data-sourcepos="26:1-26:341"><span style="color: #ffffff;"><strong>Ad esempio, la casa TerraMia a Noto, Sicilia, è realizzata in pietra lavica e pietra di Noto, e si caratterizza per un design armonioso e sostenibile.</strong> L&#8217;allestimento della mostra &#8220;Maggiore&#8221; al Museo del Design Italiano di Milano, invece, si basa sull&#8217;utilizzo di tecnologie multimediali per creare un&#8217;esperienza immersiva e coinvolgente.</span></h4><h4 data-sourcepos="28:1-28:321"><span style="color: #ffffff;"><strong>Merendi è un architetto e designer visionario che crede nel potere dell&#8217;architettura e del design di migliorare la vita delle persone.</strong> I suoi progetti sono un esempio di come l&#8217;estetica, la funzionalità e la sostenibilità possano essere combinate per creare ambienti che siano belli, utili e rispettosi dell&#8217;ambiente.</span></h4>								</div>
				</div>
				<div class="elementor-element elementor-element-c95bea5 elementor-widget elementor-widget-spacer" data-id="c95bea5" data-element_type="widget" data-e-type="widget" data-widget_type="spacer.default">
				<div class="elementor-widget-container">
							<div class="elementor-spacer">
			<div class="elementor-spacer-inner"></div>
		</div>
						</div>
				</div>
					</div>
		</div>
				<div class="elementor-column elementor-col-50 elementor-top-column elementor-element elementor-element-b316975 qodef-sticky-column" data-id="b316975" data-element_type="column" data-e-type="column" data-settings="{&quot;background_background&quot;:&quot;classic&quot;}">
			<div class="elementor-widget-wrap elementor-element-populated">
						<div class="elementor-element elementor-element-2e9e9ae elementor-widget elementor-widget-spacer" data-id="2e9e9ae" data-element_type="widget" data-e-type="widget" data-widget_type="spacer.default">
				<div class="elementor-widget-container">
							<div class="elementor-spacer">
			<div class="elementor-spacer-inner"></div>
		</div>
						</div>
				</div>
					</div>
		</div>
					</div>
		</section>
				</div>

<p>Designers Marco MerendiMerendi Marco Merendi è un architetto italiano nato a Faenza nel 1968. Si laurea in Architettura presso la facoltà di Architettura di Firenze nel 1996 con una tesi in disegno industriale in collaborazione con il team Minardi Formula 1. Dopo la laurea, Merendi lavora per un periodo ad Amsterdam dove collabora con lo [&hellip;]</p>
